-2 + (-3 - 0))/(-1). Suppose -j + l*j = 0, 2*m - 94 = 5*j. What is the units digit of m?
7
Let m be (-8 - -5)/((-3)/4). Let h be ((-2)/(-4))/((-1)/(-4)). Suppose -h*q + z = -18, 3*q = -m*z - 0*z + 5. What is the units digit of q?
7
Let l = -2 + 6. Suppose l*f - 21 = 11. What is the units digit of f?
8
Suppose 0 = -i + 70 + 52. What is the tens digit of i?
2
What is the units digit of 50/(-20)*52/(-5)?
6
Suppose -770 = -5*m - 0*m. What is the tens digit of m?
5
Suppose -2*z + 27 + 21 = 0. Suppose -3*u = -0*u - z. Suppose 12 = -2*m + 4*v, 0*m + 3*v - u = 2*m. What is the units digit of m?
2
Suppose 0 = 4*a - a + 12. Let t = a - -4. Suppose -h = -3 - 1, 3*f - 3*h - 12 = t. What is the units digit of f?
8
Suppose 26 + 22 = 2*c. What is the units digit of c?
4
Let i be (-26 + 2)*2/(-4). Suppose 3 = -3*s + i. Suppose -2*a - 5 = -m, -2*a + s*a + 7 = m. What is the units digit of m?
9
Suppose m = -7*m + 2792. What is the tens digit of m?
4
Let b be 3/(6/(-74)) - -1. Let t = -14 - b. What is the tens digit of t?
2
Suppose -z + 6*z - 545 = 0. Suppose 0*j = 4*j + 12, 4*f = 3*j + z. What is the tens digit of f?
2
Let q = 1 - 5. Let n = 9 + q. What is the units digit of n?
5
Let u be (1 + -7)*(-1)/1. Let c be 763/21 + (-2)/u. Suppose -v - 3*v + c = 0. What is the units digit of v?
9
Let k be 2 + 0/(6/3). Suppose 5*w + k*n = 53 - 11, 0 = -4*w + 2*n + 48. Suppose w = 3*a - 2. What is the units digit of a?
4
Let s(b) = b**2 + 4*b - 9. Let z be s(7). Suppose -l + 24 = 3*w, 4*w - z = -5*l - 3. What is the units digit of l?
9
Suppose -h + 116 = 3*d, -4*h + h + 15 = 0. Suppose 3*x + 4*s - d - 13 = 0, -4*s = 2*x - 40. What is the units digit of x?
0
Suppose -4*p = 2*w + 2*w + 96, -4*p - 93 = 5*w. Let i = 42 + p. What is the tens digit of i?
1
Let s(r) = 2*r**2 - r - 9. What is the units digit of s(4)?
9
Let i(g) = g**2 + g**2 - 3*g**2 + 3 + 5*g. Suppose -z - m + 3*m + 13 = 0, 5*z + 4*m - 9 = 0. What is the units digit of i(z)?
3
Let p(s) be the third derivative of -s**6/120 - 2*s**5/15 - 3*s**4/8 - 4*s**3/3 - 2*s**2. Let b be p(-7). Suppose -3*r - 9 = -b*r. What is the units digit of r?
3
Suppose 4*t - u = 3*u + 192, t - 28 = 5*u. Suppose -41 = -2*h + t. What is the tens digit of h?
4
Let t be 2 + (2 - (1 - 17)). Let l = t + -10. What is the units digit of l?
0
Let q(w) = -w - 3. Let a be q(-3). Let n be a + -2 - (0 - -1). Let d = -2 - n. What is the units digit of d?
1
Let m = 36 + 16. Suppose -2*k + 0*k + m = 0. What is the units digit of k?
6
Let z = 0 + 2. Suppose -71 - 21 = -3*o + 2*i, -5*i - 43 = -z*o. What is the units digit of o?
4
Suppose 9*n = -n + 1830. What is the tens digit of n?
8
Suppose -4*a + 19 = -5*w, 0*w = -a + 4*w + 13. What is the units digit of a?
1
Let x(o) = -8*o - 7. Let n(z) = 15*z + 13. Let m(w) = 3*n(w) + 5*x(w). What is the tens digit of m(3)?
1
Suppose -2*q + 3*q = 2. Suppose -3*h = -q*k - 39, 5*k + 3*h + 10 + 77 = 0. Let s = k + 27. What is the units digit of s?
9
Suppose 833 + 1071 = 7*m. What is the hundreds digit of m?
2
Let i be (-2 + 15/6)*4. Suppose -i*j = -7*j - 5*f - 5, -9 = 3*j - 3*f. What is the units digit of (-8)/10*15/j?
6
Suppose -5*a = -5*h - 370, a = -5*h + 143 - 45. Suppose 5*u + u - a = 0. What is the tens digit of u?
1
Suppose 5*i + 4*a - 21 = 99, 5*i - 120 = -2*a. What is the tens digit of i?
2
What is the units digit of 2/(-5) + 4/(-40)*-1334?
3
Let u(f) = f**2 + 8*f. Let s be u(-6). What is the tens digit of s/(-4) + -5 - -13?
1
Let n(l) = 21*l - 4. What is the units digit of n(4)?
0
What is the tens digit of -1*(-506)/4*2?
5
Suppose -z - 15 = -4*z. What is the units digit of z?
5
Let k(x) = x**3 + 8*x**2 + 7*x + 2. Let g be k(-7). Suppose g*r = 49 - 19. What is the units digit of r?
5
Suppose -3*m - f = 2*m - 30, 24 = 4*m - f. Let q be (m/4)/((-9)/(-24)). Let d = -3 + q. What is the units digit of d?
1
Let d(v) = 4*v**2 - 4*v - 3. Let u(s) = -s**2 - s. Let b(h) = d(h) + 3*u(h). What is the units digit of b(9)?
5
Let x(u) = 4*u**2 + 5*u + 1. Suppose p = -2*p + y + 12, 3*y + 9 = 0. Let f(s) = -s**2. Let m(z) = p*f(z) + x(z). What is the units digit of m(-6)?
7
Let z = -61 - -16. Let i = 26 + z. Let m = 37 + i. What is the units digit of m?
8
Suppose 0 = -2*a + 50 + 252. What is the hundreds digit of a?
1
Let l = 0 + 5. Suppose 18 - 3 = l*u. What is the units digit of u + -1 + (1 - 0)?
3
Let l be (-3)/(0 + 9/6). Let d(m) = -2*m**3 - 4*m**2 - 2*m + 1. Let w be d(l). Suppose -a + 13 = 4*a - 4*q, -a + 20 = w*q. What is the units digit of a?
5
Suppose -37 = -2*m - 2*x + 5, -4*m - 5*x + 84 = 0. What is the tens digit of m?
2
Suppose 2*h = 3*s - 11, -4*h + 5*s + 0 - 23 = 0. Let a be (-6)/21 - (-40)/h. Let o = a + 16. What is the tens digit of o?
1
Suppose u + 22 = -0*u. Let w = -12 - u. What is the units digit of w?
0
Let o be (9/(-6))/(2/(-4)). Let v be 4/o + (-2)/(-3). Suppose 0*i + v = i. What is the units digit of i?
2
Let s = 13 - 22. Let w = 5 + s. What is the units digit of w*3/(-6) + 7?
9
Suppose 0*q + 2*q = 10. Let p = q + -2. What is the units digit of p?
3
Let o(d) = -2*d - 2. Suppose 25 = 3*b - 5*a, a - 4*a - 15 = 2*b. Suppose b*z + 4*h = -z - 24, h - 7 = 3*z. What is the units digit of o(z)?
6
Let n(q) = q**2 - 5*q + 1. Let j be n(6). Let y(v) = -v**3 + 5*v**2 + 8*v - 7. Let o be y(6). Let c = j - o. What is the units digit of c?
2
Let o be (-2)/10 - 138/10. Let z = 16 + o. What is the units digit of z?
2
Let n(b) = 2*b**2 - 5*b + 18. What is the tens digit of n(-8)?
8
Let c(q) = 3 + 0 + 4*q**2 - 7*q + 1. Let v be c(4). Suppose -j + 6*j + 33 = p, 3*j = -4*p + v. What is the units digit of p?
3
Let j be ((-4)/12)/(2/(-24)). Let n(p) = p + 3. What is the units digit of n(j)?
7
Let f = 9 + -4. Suppose 0 = -w + 12 - f. What is the units digit of w?
7
Let j be 8 + -7 - (0 + -1). Suppose j*h = -0*h + 18. What is the units digit of h?
9
Suppose 0 = -3*r - 0*r + 147. What is the units digit of r?
9
Let k = 207 - 121. Let x be k/(6 - 3 - 1). Suppose 26 = 2*t - i, -5*t - 3*i + x + 22 = 0. What is the units digit of t?
3
Let r(k) = k**3 - 10*k**2 + 10*k + 13. Suppose 0*b - 27 = -3*b. Let c be r(b). Let i = c + -15. What is the units digit of i?
7
Suppose -2*d + o = -179, 0 = o - 5 + 2. What is the units digit of d?
1
Let n(w) = 5*w**3 + 10*w**2 + 13*w - 6. Let u(p) = -6*p**3 - 10*p**2 - 14*p + 5. Let a(f) = -5*n(f) - 4*u(f). What is the units digit of a(-9)?
0
What is the units digit of (-250)/(-30) + (0 - (-6)/9)?
9
Suppose 36 = -4*v - 4. Let l(r) = -3*r + 2 + r + r. What is the units digit of l(v)?
2
Let k be (-1)/(-1 + 8/9). Suppose -5*o + 1 = -14. Suppose v = 2*a + o*a + k, -4*a - 4 = 0. What is the units digit of v?
4
Suppose v + 2*v = 0. Suppose -2*n = -2, v = 2*t + 5*n - 0*n - 7. What is the units digit of 2*(-2)/(-4) + t?
2
Let n(m) = 6*m - 6. Let j be n(-5). What is the tens digit of (-6)/j - (-95)/6?
1
Let i(a) = a**2 - 5*a + 6. Let c be i(4). What is the units digit of 0/(-2) + (c - -3)?
5
Let k(j) = 2*j**2 + 6*j. Let p be k(-4). Suppose 0 = 7*o - 3*o - p. What is the units digit of o?
2
Suppose -4*n - 144 - 84 = -2*m, 3*m = -2*n + 326. What is the hundreds digit of m?
1
Suppose 2*x - 2*r - 7 - 11 = 0, 0 = 3*x - 4*r - 28. Suppose 3*p - x = 2*j, 4*p = -3*j + 7*j + 8. What is the units digit of j?
2
Suppose 216 = 2*z + 2. What is the tens digit of z?
0
Suppose -4*w - 9*i + 5*i = -692, -525 = -3*w - i. What is the tens digit of w?
7
Let c = 6 + -3. Suppose t + c = 5. What is the units digit of t?
2
Let x(v) = v**2 + 4*v + 1. Let m be x(-5). Suppose 3*u + m = 4*u. Let k(c) = -c**3 + 7*c**2 - 6*c + 8. What is the units digit of k(u)?
8
Let i(t) = -t**2 + 7*t - 4. Let y be i(6). Let n(x) = 0*x**2 + 1 - 2*x**2 - 12*x + 14*x + 2*x**3. What is the tens digit of n(y)?
1
Let z(a) = -2*a**3 - 8*a**2 + 3*a + 13. What is the tens digit of z(-6)?
3
Let z be (-21)/(-5) + 2/(-10). Suppose 0 = 4*v - 5*f - 51, -v - z*f + 60 = 3*v. What is the units digit of v?
4
Suppose -2*o = -p - 3 - 4, 1 = -p. Suppose 0*r - r = 3*b - 17, b + o*r - 11 = 0. Suppose b*g + 10 = 50. What is the units digit of g?
8
Suppose 35 = 4*a - 81. Let z = 45 - a. What is the units digit of z?
6
Let j(w) = w**2 - w - 2. Let r be j(-2). Suppose -r*l + 9 = -3*l. What is the units digit of l?
9
Let d = 88 + -1. Suppose 0*t - 4*v = -2*t + 30, -4*t - v + 